mposite number?
False
Suppose -625 = -a + 132. Suppose 3*w - a = -70. Is 6/(-4) + w/2 a composite number?
False
Let z = -4 + 1. Is 306/4 - z/6 a prime number?
False
Suppose 0*m = 3*m. Suppose 249 = 3*z - m*z. Suppose -z = b - 2*b. Is b a prime number?
True
Let q(l) = 5 - 3*l**2 - 3 + 4*l**2 - 6*l. Let j be q(6). Suppose 3*k - 175 = -j*k. Is k a prime number?
False
Let w(h) = 15*h + 6*h + 3 - 7*h. Is w(4) composite?
False
Is -1 + 6 + -3 - -4 a composite number?
True
Suppose 2*l + 16 = j - 8, -5*j + 131 = l. Is j a prime number?
False
Let t = -5 + 8. Let y(o) = 9*o**2 - 5*o + 6. Let k(m) = -4*m**2 + 3*m - 3. Let v(l) = -5*k(l) - 2*y(l). Is v(t) a composite number?
True
Let s(m) = 6*m**2 - 1. Let b(g) = -g**3 - 5*g**2 - 1. Let f be b(-5). Let r be s(f). Suppose 0 = -3*y + k + 20, r*y + 3*k = -0*k + 38. Is y prime?
True
Let q(m) = 391*m + 24. Is q(5) prime?
True
Let p(r) = r**3 - 8*r**2 + 6*r - 9. Let s(f) = -3*f**3 + 17*f**2 - 12*f + 19. Let v(x) = -5*p(x) - 2*s(x). Let q be v(-7). Is (-19 + q)/(2/(-2)) composite?
False
Let b(w) be the third derivative of w**5/30 + w**4/8 - w**3/6 + 3*w**2. Is b(2) a composite number?
False
Let i(a) = a**3 + 29*a**2 - 56*a - 47. Is i(-30) prime?
True
Let a(o) = -138*o**3 + o**2 - 9*o + 1. Is a(-4) composite?
True
Let z(m) = 2*m**3 - 2*m**2 - 2*m + 4. Suppose -4*d + 31 = -3*d. Suppose -d = -5*f + 4*g, -3*f + 9 = -2*g - 8. Is z(f) composite?
True
Suppose 0 = -2*n, -n + 0*n - 10 = -5*i. Let a = i + 303. Is a prime?
False
Let l(o) = -8*o - 2. Suppose -3*x - 5 = -2*x. Is l(x) a prime number?
False
Let f(i) = -i - 6. Let s be f(-12). Let k(u) = -u**2 + 6*u + 4. Let l be k(s). Suppose -755 = -l*c + 3*x, -4*c = -2*x - 243 - 507. Is c a prime number?
False
Suppose -5*g - 6*t + 605 = -7*t, 484 = 4*g - 5*t. Is g prime?
False
Suppose -24 = -i + f, 2*i - f - 19 = 31. Suppose 0 = -h + i - 8. Suppose 0 = 5*v + h - 283. Is v composite?
False
Let k(o) = -o**2 + 9*o + 9. Let n = 35 + -25. Let c be k(n). Is (-70)/(c/(3/6)) a prime number?
False
Let l = -20 - -21. Is 253 + 4*l/(-2) composite?
False
Suppose -3*u + 16 = -u. Suppose -q = -2*g + u, -2*g + 40 = 2*g + 4*q. Is g a prime number?
False
Suppose -5*a = -4*d + 10306, 3*a + 10821 - 511 = 4*d. Is d composite?
False
Let x be (3/(-2))/(2/(-4)). Suppose -x*t + 18 = 4*h + 6, -t - 4 = 0. Suppose -h*o + 5*o + 7 = 0. Is o a prime number?
True
Let m = -5 - -8. Suppose -14 - 79 = -m*h. Is h a prime number?
True
Suppose -8*y + 24 = -4*y. Is (3 + y)/(-3) + 492 a prime number?
False
Suppose -5*h - 72 = t, -3*t = -2*t - 2*h + 79. Let u = t + 204. Is u composite?
False
Suppose -x - 4*x + 1000 = 0. Is 3*(x/3 - 3) a composite number?
False
Let t = -13 + 4. Let z = 8 + -4. Let j = z - t. Is j composite?
False
Let s be (2/(-2))/(5/(-15)). Suppose w - 3*y + 2*y + 1 = 0, 0 = -s*w + 2*y. Is 68/3 - w/3 prime?
False
Let f be -2*(-2 - 1/(-1)). Let z be 1/f + (-801)/(-6). Suppose z = 3*n - 25. Is n prime?
True
Suppose 5*y - 6*y + 3*q + 3 = 0, 0 = 2*y + 4*q + 4. Suppose 3*p + 2*k - 105 = y, -k = -5*p - 4*k + 176. Is p a composite number?
False
Suppose 0 = 3*r - 174 - 171. Is r - 3/(-6)*0 composite?
True
Let t(g) = 4 - 1 - 2 + 6*g. Is t(2) a prime number?
True
Let z = 4462 - -4777. Is z prime?
True
Let u(s) = s**2 - 4*s. Suppose 0*h = 4*h - 20. Let m be u(h). Suppose -328 = -5*y + v + 2*v, 327 = m*y - 2*v. Is y composite?
True
Let t = -1695 - -3518. Is t composite?
False
Let z(t) = t**2 + 5*t + 5. Let y be z(-4). Suppose 0 = -f + 20 + y. Is f prime?
False
Suppose 1 = -3*c + s + 9, 0 = 3*s - 3. Suppose -c*n + 2*n = -179. Is n composite?
False
Let v = 0 - 4. Let d(k) = -k**2 + 4. Let r(i) = -3*i**2 - i + 7. Let p(g) = 5*d(g) - 2*r(g). Is p(v) a composite number?
True
Suppose 5*t - 3*t - 3*x = 1531, 2*t + 5*x - 1539 = 0. Is t a prime number?
False
Let q = 4 - 0. Let b = q - -35. Is b a prime number?
False
Is (-3*(5 - 4))/((-3)/1801) composite?
False
Let l = 1616 - 851. Suppose -n - 116 = -l. Suppose -4*a + n = 3*b, -b - 497 - 319 = -5*a. Is a prime?
True
Is ((-6)/(-4) - 0)/(21/5306) composite?
False
Suppose 1 = 3*y + 7. Is (-150)/y + (2 - 3) composite?
True
Let v(o) = 2*o**2 - 5*o + 5. Let l be v(-7). Suppose 4*f - 2*w = -0*w - l, 4*w + 21 = -f. Let m = 78 - f. Is m prime?
False
Suppose -4*h + o = -31, 3*h + 2*o - 4*o = 27. Let i(q) = 2*q + 5. Is i(h) a prime number?
True
Let k = -3 + 6. Let q be (-5 + k)/(6/(-477)). Suppose 3*j + 0*j = q. Is j a composite number?
False
Is ((-14)/21 - -1)/((-2)/(-42)) a prime number?
True
Is 12/42 - (-2082)/14 a prime number?
True
Suppose 3*k = -4*u + 1, -15 = 5*k + 10. Suppose u*y - 1348 = w, 5*y - 5*w + 159 = 1859. Suppose -4*d + 6*p - 2*p = -y, 0 = -2*p + 6. Is d a composite number?
True
Suppose -3*y = -347 + 80. Is y composite?
False
Let f(k) = -6 - 5*k + k**2 + 3 - 7. Let y be f(7). Suppose 4*o + 3*c - 133 = 0, 0*o + 5*c = -y*o + 123. Is o a composite number?
False
Let w = 19 - 8. Is w a prime number?
True
Let n(m) = 2 + 41*m**2 + 0*m + 0 + 0*m. Is n(3) a prime number?
False
Suppose -v - v + 222 = 0. Suppose -5*t = v - 746. Is t composite?
False
Suppose -2*b = 5*u - 1172, 4*b - 2867 + 505 = -u. Is b composite?
True
Let n be 3*(2517/9 - 2). Let r = -594 + n. Is r a composite number?
False
Suppose 2*z = -4*b + 2*b + 38, 4*b - 5*z = 112. Suppose -i + 0 = b. Let h = 42 + i. Is h prime?
True
Suppose 2*u = 2, 0*m - 4*m + u + 571 = 0. Is m a composite number?
True
Let a = 1459 + -312. Is a a prime number?
False
Suppose 0*l + 5*l = 0. Let a = 8 - 5. Suppose a*d - 2*d - 39 = l. Is d a prime number?
False
Let s(q) = -q**3 - 4*q**2 - 5*q - 7. Suppose -3*x + 15 = -6*x. Let h be s(x). Suppose -2*c - 2*c = 2*g - 212, c + 3*g - h = 0. Is c prime?
False
Let c = -1094 + 221. Let p = c + 1252. Is p a prime number?
True
Suppose -20 = -6*a + 2*a. Suppose -142 - 368 = -a*f. Let o = f - 23. Is o prime?
True
Suppose -1303 = -2*l - 297. Is l composite?
False
Suppose 2*k - 232 = -58. Is (-1 - k/6)*-22 a prime number?
False
Let b(u) = -76*u + 15. Is b(-7) prime?
True
Let x = -11 + 13. Suppose -4*g + 62 = -x*g. Is g composite?
False
Let k(j) = -j**2 + 8*j - 6. Let w be k(7). Is (-1)/(((-3)/318)/w) composite?
True
Is 3/((-9)/(-7302)) - -1 composite?
True
Let z = 481 - 102. Is z a composite number?
False
Let f = 7 - 3. Suppose -2*l + u - 5 = 0, f*l = 5*u - 18 - 7. Suppose -k + 5*k - 92 = l. Is k a composite number?
False
Let u(i) = i + 1. Suppose 1 + 0 = w. Let z(d) = 6*d - 3. Let h(k) = w*z(k) - 2*u(k). Is h(6) a prime number?
True
Let t(s) = s**3 - 5*s**2 + 3*s + 5. Let j be t(4). Let a be (31 - j) + (3 - 1). Is 1*a - (0 - -1) prime?
True
Suppose 2*p = p + 104. Suppose 0 = 2*b - 0*b + 2, 5*i = -b + p. Is i composite?
True
Suppose 0 = 5*y + 5*p - 70, -4*y + 3*p = -38 + 10. Let l be ((-16)/(-2))/(4/y). Is l + -1*6/(-3) prime?
False
Suppose -39*h + 38*h = -401. Is h a composite number?
False
Suppose -9 + 54 = -5*x - 3*m, -4*x + 5*m + 1 = 0. Let b(n) = -n**3 - 4*n**2 + 7*n - 7. Is b(x) prime?
True
Suppose 0 = -0*n - 5*n - 50. Let d(j) = 11. Let i(h) = -h + 11. Let w(c) = -6*d(c) + 5*i(c). Is w(n) prime?
False
Suppose 4*t - 1364 = -4*z, 297 = 5*z - 4*t - 1390. Is z a composite number?
True
Let l(s) = -s - 8. Let t be 2/((-2)/(-12)*-1). Let u be l(t). Let d(v) = v**3 - 3*v**2 + 4*v + 2. Is d(u) a composite number?
True
Let x(n) = 10*n**3 - n**2 - 6. Let s(m) = 29*m**3 - 3*m**2 - 17. Let d(a) = 6*s(a) - 17*x(a). Let z be d(1). Is -1 + 2*z + 2 prime?
True
Let r(w) = -9*w**2 + 6*w**2 + 0*w**3 - 1 + 3*w + w**3. Let k be r(2). Is 53*(2 + k + -2) a composite number?
False
Let i = -301 - -501. Suppose 3*s = 2*a - i, -4*a = s - 99 - 287. Is a a prime number?
True
Suppose -2*b - 205 = -3*i, -2*i = 4*b - 133 - 9. Is i a prime number?
False
Let s(g) = -g**2 - 6*g + 9. Let f be s(-7). Suppose a + 4*y = -1, -3*y = -3*a - 1 - f. Let r(t) = -23*t - 1. Is r(a) a prime number?
False
Let o(d) = 3*d**2 + 3*d + 1. Suppose -3*b = -9 - 9. Let n = b - 10. Is o(n) a prime number?
True
Is ((-46)/2)/((-3)/21) prime?
False
Let b be -2 + (-2043)/((-9)/3). Suppose -3*j = -b + 43. Is (j - (4 - 1))*1 a composite number?
True
Is (-18)/81 - (-3035)/9 composite?
False
Let j(g) be the second derivative of 5*g**4/8 - 4*g**3/3 + 3*g**2/2 + 3*g. Let c(l) be the first derivative of j(l). Is c(9) a prime number?
True
Let s = 5 - 1. Suppo